ors of 26433.
3, 11, 89
List the prime factors of 6850.
2, 5, 137
List the prime factors of 1895.
5, 379
List the prime factors of 63482.
2, 31741
What are the prime factors of 4823?
7, 13, 53
List the prime factors of 3221.
3221
What are the prime factors of 3920?
2, 5, 7
List the prime factors of 3140.
2, 5, 157
What are the prime factors of 30798?
2, 3, 29, 59
List the prime factors of 44.
2, 11
What are the prime factors of 12676?
2, 3169
What are the prime factors of 5575?
5, 223
What are the prime factors of 39374?
2, 19687
What are the prime factors of 48358?
2, 24179
What are the prime factors of 40310?
2, 5, 29, 139
What are the prime factors of 4174?
2, 2087
List the prime factors of 16241.
109, 149
List the prime factors of 93.
3, 31
List the prime factors of 96408.
2, 3, 13, 103
What are the prime factors of 19359?
3, 239
What are the prime factors of 1616?
2, 101
List the prime factors of 34959.
3, 43, 271
What are the prime factors of 2277?
3, 11, 23
List the prime factors of 68265.
3, 5, 37, 41
List the prime factors of 1527.
3, 509
List the prime factors of 553.
7, 79
List the prime factors of 14326.
2, 13, 19, 29
What are the prime factors of 61060?
2, 5, 43, 71
List the prime factors of 33117.
3, 7, 19, 83
List the prime factors of 13516.
2, 31, 109
What are the prime factors of 263?
263
List the prime factors of 5672.
2, 709
What are the prime factors of 21278?
2, 10639
List the prime factors of 55755.
3, 5, 7, 59
List the prime factors of 2214.
2, 3, 41
What are the prime factors of 2196?
2, 3, 61
List the prime factors of 11970.
2, 3, 5, 7, 19
List the prime factors of 651.
3, 7, 31
What are the prime factors of 1440?
2, 3, 5
What are the prime factors of 855?
3, 5, 19
What are the prime factors of 4624?
2, 17
List the prime factors of 1397.
11, 127
What are the prime factors of 3479?
7, 71
What are the prime factors of 2319?
3, 773
List the prime factors of 4479.
3, 1493
List the prime factors of 2804.
2, 701
List the prime factors of 989.
23, 43
What are the prime factors of 5885?
5, 11, 107
What are the prime factors of 863?
863
List the prime factors of 48949.
31, 1579
What are the prime factors of 14645?
5, 29, 101
What are the prime factors of 22000?
2, 5, 11
What are the prime factors of 1704?
2, 3, 71
List the prime factors of 290.
2, 5, 29
What are the prime factors of 988?
2, 13, 19
What are the prime factors of 8266?
2, 4133
What are the prime factors of 3353?
7, 479
List the prime factors of 491.
491
List the prime factors of 6004.
2, 19, 79
List the prime factors of 5366.
2, 2683
What are the prime factors of 87649?
87649
What are the prime factors of 2089?
2089
What are the prime factors of 1406?
2, 19, 37
List the prime factors of 152668.
2, 38167
What are the prime factors of 3414?
2, 3, 569
What are the prime factors of 2580?
2, 3, 5, 43
What are the prime factors of 31784?
2, 29, 137
What are the prime factors of 4443?
3, 1481
List the prime factors of 1377.
3, 17
List the prime factors of 9938.
2, 4969
List the prime factors of 20237.
7, 59
What are the prime factors of 1056?
2, 3, 11
List the prime factors of 4249.
7, 607
List the prime factors of 205.
5, 41
What are the prime factors of 1062?
2, 3, 59
List the prime factors of 11710.
2, 5, 1171
What are the prime factors of 27416?
2, 23, 149
What are the prime factors of 39129?
3, 13043
List the prime factors of 182298.
2, 3, 23, 1321
List the prime factors of 106345.
5, 21269
List the prime factors of 526.
2, 263
List the prime factors of 8861.
8861
List the prime factors of 22821.
3, 7607
What are the prime factors of 7152?
2, 3, 149
What are the prime factors of 16951?
11, 23, 67
What are the prime factors of 1240?
2, 5, 31
List the prime factors of 719.
719
What are the prime factors of 2422?
2, 7, 173
What are the prime factors of 1303?
1303
What are the prime factors of 12976?
2, 811
List the prime factors of 2615.
5, 523
List the prime factors of 61712.
2, 7, 19, 29
What are the prime factors of 5094?
2, 3, 283
List the prime factors of 14264.
2, 1783
What are the prime factors of 180?
2, 3, 5
List the prime factors of 4965.
3, 5, 331
What are the prime factors of 4918?
2, 2459
What are the prime factors of 1794?
2, 3, 13, 23
List the prime factors of 2382.
2, 3, 397
What are the prime factors of 2858?
2, 1429
What are the prime factors of 5181?
3, 11, 157
What are the prime factors of 76184?
2, 89, 107
What are the prime factors of 15902?
2, 7951
List the prime factors of 4981.
17, 293
List the prime factors of 190.
2, 5, 19
List the prime factors of 1663.
1663
List the prime factors of 1014.
2, 3, 13
List the prime factors of 45557.
45557
What are the prime factors of 27864?
2, 3, 43
List the prime factors of 61.
61
What are the prime factors of 33848?
2, 4231
List the prime factors of 57624.
2, 3, 7
What are the prime factors of 1955?
5, 17, 23
What are the prime factors of 17964?
2, 3, 499
List the prime factors of 21862.
2, 17, 643
What are the prime factors of 785?
5, 157
What are the prime factors of 2384?
2, 149
What are the prime factors of 30500?
2, 5, 61
What are the prime factors of 13721?
13721
List the prime factors of 55402.
2, 27701
What are the prime factors of 22441?
22441
What are the prime factors of 1697?
1697
What are the prime factors of 30932?
2, 11, 19, 37
What are the prime factors of 2982?
2, 3, 7, 71
What are the prime factors of 123401?
123401
What are the prime factors of 7576?
2, 947
What are the prime factors of 50714?
2, 25357
List the prime factors of 9862.
2, 4931
What are the prime factors of 236?
2, 59
What are the prime factors of 2265?
3, 5, 151
What are the prime factors of 147950?
2, 5, 11, 269
List the prime factors of 1643.
31, 53
List the prime factors of 2542.
2, 31, 41
List the prime factors of 71437.
71437
What are the prime factors of 31620?
2, 3, 5, 17, 31
What are the prime factors of 2262?
2, 3, 13, 29
List the prime factors of 1347.
3, 449
List the prime factors of 2163.
3, 7, 103
List the prime factors of 25163.
25163
What are the prime factors of 118189?
118189
What are the prime factors of 3013?
23, 131
List the prime factors of 29079.
3, 359
What are the prime factors of 15171?
3, 13, 389
What are the prime factors of 2087?
2087
List the prime factors of 17632.
2, 19, 29
What are the prime factors of 13358?
2, 6679
List the prime factors of 582.
2, 3, 97
What are the prime factors of 12716?
2, 11, 17
List the prime factors of 52747.
52747
What are the prime factors of 456?
2, 3, 19
What are the prime factors of 226?
2, 113
What are the prime factors of 861?
3, 7, 41
What are the prime factors of 2159?
17, 127
What are the prime factors of 1610?
2, 5, 7, 23
List the prime factors of 416.
2, 13
List the prime factors of 8244.
2, 3, 229
What are the prime factors of 795?
3, 5, 53
What are the prime factors of 282?
2, 3, 47
List the prime factors of 1930.
2, 5, 193
What are the prime factors of 2373?
3, 7, 113
What are the prime factors of 19629?
3, 727
What are the prime factors of 285?
3, 5, 19
List the prime factors of 25558.
2, 13, 983
What are the prime factors of 475?
5, 19
What are the prime factors of 71494?
2, 35747
List the prime factors of 1755.
3, 5, 13
List the prime factors of 3441.
3, 31, 37
What are the prime factors of 4173?
3, 13, 107
What are the prime factors of 89674?
2, 13, 3449
What are the prime factors of 66396?
2, 3, 11, 503
List the prime factors of 788.
2, 197
What are the prime factors of 1482?
2, 3, 13, 19
What are the prime factors of 76151?
271, 281
List the prime factors of 714.
2, 3, 7, 17
List the prime factors of 760.
2, 5, 19
List the prime factors of 441.
3, 7
List the prime factors of 1359.
3, 151
What are the prime factors of 4844?
2, 7, 173
What are the prime factors of 33754?
2, 7, 2411
List the prime factors of 5956.
2, 1489
List the prime factors of 9067.
9067
What are the prime factors of 1662?
2, 3, 277
List the prime factors of 97924.
2, 24481
List the prime factors of 19983.
3, 6661
What are the prime factors of 3318?
2, 3, 7, 79
What are the prime factors of 4116?
2, 3, 7
List the prime factors of 4061.
31, 131
What are the prime factors of 1312?
2, 41
List the prime factors of 83447.
7, 13, 131
What are the prime factors of 48530?
2, 5, 23,